be 3/(-4 - 11) + (-508)/10. Let w = c - -138. What is the units digit of w?
7
Suppose -76 = 3*h + 53. Let x = 31 + h. What is the units digit of (-303)/(-18) + (-2)/x?
7
What is the hundreds digit of 4 - (-356 - 32/4)?
3
Suppose -p - 6*g = -8*g - 2384, 0 = 2*p - 2*g - 4776. What is the thousands digit of p?
2
Let j be 9/(-12 - -3) - (-2 - 0). What is the hundreds digit of 4 + (162 - (-2 + j))?
1
Let h = -52 + 56. Suppose -80 = -5*o + h*o. What is the units digit of o?
0
Let p be 2/(-30)*-6*100. Suppose -2*r = -5*k - 7*r - p, 5*r - 70 = 5*k. What is the units digit of (k - 13)*(-1 + 0)?
4
Suppose -2*a + 6996 = -4*f, 5*a - 4*f - 3133 = 14357. What is the thousands digit of a?
3
Let b(m) = -m + 67. Let x be b(0). Let n(d) = d**2 - 12*d + 3. Let g be n(12). What is the tens digit of x/3 - g/9?
2
Suppose 5*z + 27 - 7 = 0. What is the tens digit of -2 + (-1 - z) + 84/1?
8
Let m = 1649 + -819. What is the tens digit of m?
3
Suppose -2*m = 3*q + 3*m - 6, -q - 5*m + 2 = 0. Let i(s) = 0*s - s + 1 - 2*s + 6*s. What is the units digit of i(q)?
7
Let c(h) = -h**3 - 17*h**2 - 16*h + 5. Let f be c(-16). What is the units digit of -80*f/15*-3?
0
Suppose h - 123 = -2*o, -10*o = -h - 15*o + 117. What is the units digit of h/(1 - (1 + 0 + -1))?
7
What is the units digit of 48972/70 - (-7)/(35/2)?
0
Suppose -7*k = -3*k, -20 = -4*d - k. Suppose 3*j = d*o - 556, 3*j - 122 = 4*o - 5*o. What is the units digit of o?
3
Let v(l) = l**3 - 7*l**2 - 2*l - 12. Let j be v(6). What is the tens digit of (80/25)/(-3 + (-183)/j)?
6
Let f(a) = 624*a**2 + 11*a + 7. What is the thousands digit of f(2)?
2
Suppose -27*s + 9425 = -38689. What is the thousands digit of s?
1
Let f = 12 - 22. Let t be f/(-30) + 14/3. Let r(l) = 6*l. What is the units digit of r(t)?
0
Let h = 6 - 16. Let j be ((-4)/h)/(1/45). What is the units digit of 24/j + (-2)/6?
1
Suppose 2*i + 553 = 7*i + q, 4*i - 448 = 2*q. What is the tens digit of i?
1
Suppose -20*g = -43297 - 36423. What is the tens digit of g?
8
Let x = 2182 + -1512. What is the hundreds digit of x?
6
Let s be (-20)/((-4 - -8)/(-4)). Suppose s*x = 25*x - 25. Suppose -t + x*t - 84 = 0. What is the units digit of t?
1
Let q = -2023 - -3343. Suppose -6*i + 3*i = -q. Suppose -144 = 4*r - i. What is the units digit of r?
4
Let w = -176 + 224. What is the units digit of w?
8
Suppose -2*r + 8522 = -4*b + 1824, 4*r - 13346 = -2*b. What is the units digit of r?
9
Let y(f) = f**3 + 6*f**2 - 8*f - 4. Let g be y(-7). Suppose -g*n + 63 = -72. What is the tens digit of n?
4
Let v(k) = k**2 + 5*k + 5. Let w be v(-3). Let q be (3 + -39 + 3)*w. Let x = 46 - q. What is the units digit of x?
3
Suppose 7*i + 1658 = 34754. What is the units digit of i?
8
Let l = 7 - 10. Let k = 7 - l. Suppose u - 18 = -2*t, u - 4*u + 5*t + k = 0. What is the units digit of u?
0
Let p be (-2 + (-171)/6)/((-9)/36). Let y be (1 + -21)/(1/(-1)). Suppose 2*b = -4*a + p, -3*b = b + y. What is the units digit of a?
3
Suppose -4*y - 2*q = -288, -144 = -2*y - 7*q + 4*q. Let d = y - -127. What is the hundreds digit of d?
1
Let q(t) = -t + 18. Let v be (64/10)/(6/(-30)). Let p be (26/8)/((-8)/v). What is the units digit of q(p)?
5
Let u = 3190 + -1708. What is the units digit of u?
2
Let g(m) be the first derivative of -8*m**3/3 - m**2/2 + 6*m - 6. Let q(d) be the first derivative of g(d). What is the tens digit of q(-2)?
3
Let r(k) = 2*k**2 + 6*k - 8. Let u be r(-4). Suppose u*j - 7*j = -175. What is the units digit of j?
5
Suppose 18*f - 5428 + 1450 = 0. What is the units digit of f?
1
Let d = 26 + 76. Suppose b + 8*f - 3*f = d, 395 = 5*b + 2*f. What is the units digit of b?
7
Let i = 37 - 32. Suppose -i*x = -3*u - 170 + 58, -2*x - 3*u + 28 = 0. What is the units digit of x?
0
Let o be 10*(1/2)/1. Suppose -3*w - 50 = -5*k, -2*w + w = -o*k. Let g = 57 + w. What is the units digit of g?
2
Suppose 74*j + 312 = 76*j. Suppose -v - 5*g = -170 + 22, -v - 3*g + j = 0. What is the hundreds digit of v?
1
Let i = 461 + -226. What is the tens digit of i?
3
What is the tens digit of (-5 + 5 - 6)*-162?
7
Let s be (-408)/(-85)*7*5. Suppose 0 = 4*y - b - 188, 3*b + s = 4*y - 28. What is the units digit of y?
6
Let j = 102 + -58. What is the tens digit of 475/4 - (-3 - j/(-16))?
1
Suppose 20 = 6*v - 2*v. Suppose 0 = 2*m - v*k - 27, 76 = 5*m - 3*k - k. Suppose -2*h - 16 = -3*h + 5*g, 4*h = -4*g + m. What is the units digit of h?
6
Let i = 3712 - 2395. What is the thousands digit of i?
1
Let g(n) = 2576*n**2 - 4*n + 4. What is the tens digit of g(1)?
7
Let u(n) be the third derivative of n**4/8 + 7*n**3/6 + 6*n**2. What is the units digit of u(10)?
7
Suppose 13*v - 17*v = -20. Suppose 4*j = -4*x, -v*x = -4*j - 3*x + 30. What is the units digit of j - (0 + 2) - -15?
8
Let b = -1673 + 3000. What is the hundreds digit of b?
3
Suppose 1288 = 3*z + 2*c - c, -3*c + 1714 = 4*z. Suppose 3*n - 5*r - 550 = 0, 3*r - 284 = -4*n + z. What is the tens digit of n?
8
Let n be -1 - (-3 + 1 - 3). Suppose 5*g + 0*t - 405 = 2*t, -395 = -5*g + n*t. What is the units digit of g?
3
Suppose -2*a - 4*q + 2 = 0, 2*q = -2*q + 12. Let v(r) = -r**3 - 5*r**2 + 6. Let j be v(a). What is the units digit of j/1*45/10?
7
Let c(v) = v**3 - 4*v**2 + 4*v - 1. Let m be c(3). Suppose 3*j - 601 = 5*u, -71 = -j - m*u + 133. What is the tens digit of j?
0
What is the hundreds digit of (-46)/69 + 6826/6?
1
Let r = -130 - -124. Let n(u) = 9*u + 5 + 2*u**2 + 8 + 0*u. What is the tens digit of n(r)?
3
Let m = 11 + -9. Suppose -m*r + 232 = 2*c, r - 2*r + 3 = 0. What is the tens digit of c?
1
Let c = 86 - 83. Suppose -1 = -s, 4*s + 700 = -c*f + 7*f. What is the units digit of f?
6
Suppose 0 = 2*i - 2*m - 972, i - 5*i = -5*m - 1947. What is the units digit of i?
3
Let a = -16 + 18. Suppose a*i = 5*i - 3*d - 21, 3*d = 0. Let x = 1 + i. What is the units digit of x?
8
Let g(q) = -143*q + 45. What is the hundreds digit of g(-3)?
4
Let i(l) = -l**3 + 28*l**2 + 23*l - 171. What is the hundreds digit of i(28)?
4
Suppose 28 = -4*f + 12. What is the units digit of (-3080)/(-91) - f/26?
4
Let t(c) = 22*c**2 - 12*c - 12. What is the hundreds digit of t(12)?
0
Let u(l) = -3*l**3 + 2*l**2 + 17*l + 25. What is the hundreds digit of u(-6)?
6
Let i(k) = -k**3 - 4*k**2 + 20*k - 3. Let o be i(-7). Suppose -o*u = -2*u - 250. What is the units digit of u?
5
Let u be -2 + 1 + 64 + -1. Suppose 7 = n - u. What is the units digit of n?
9
Let i(v) = v**2 - v - 4. Let c be i(2). Suppose 0 = -2*h - 3 - 7. What is the tens digit of h/(-10) + (-45)/c?
2
Let c(v) = 3*v - 7. Let b be c(7). Let m = 18 - b. Suppose -3 = -3*d - 4*g, 2*g = d + m*g - 1. What is the units digit of d?
1
Let f(a) = 19*a**2 + 6*a + 146. What is the hundreds digit of f(-9)?
6
Suppose 0 = 5*j + 4*x + 89 + 35, -5*x = -5*j - 115. What is the tens digit of 4/(-6)*j/16*58?
5
Let i = -3 + 10. Let h(d) = -4 - i - 2*d + d**2 + 2 - 1. What is the units digit of h(7)?
5
Suppose 4*u = 5*u - 220. Suppose 0 = o + 4*t - 55, 7*o - 2*t = 3*o + u. Let h = o + -20. What is the units digit of h?
5
Let x(t) = -11*t - 63. Let u be x(-6). Let c(b) = b + 42. Let l be c(0). Suppose -l = -4*k - 2*v, -u*k - 2*v + 1 = -29. What is the units digit of k?
2
Let h(g) be the third derivative of g**4/24 + 11*g**3/2 + 12*g**2. What is the units digit of h(-8)?
5
Suppose 0 = -2*z - 2, 0*q - 2*q - 2*z + 6 = 0. Suppose -q*t = 5*c - 171, 2*t + 11 + 74 = 3*c. What is the units digit of c?
1
What is the tens digit of -1 - 2 - (-399364)/119?
5
Let d(o) = 9*o**2 - 5*o + 15. What is the tens digit of d(10)?
6
Suppose -37061 = -19*r + 6601. What is the units digit of r?
8
Suppose -2*c + 5*f = -1199, -3*c + f - 176 = -1955. What is the hundreds digit of c?
5
Suppose 0 = 2*o + 2, -2*w + 0*o = -o - 3613. What is the tens digit of w?
0
What is the tens digit of (-3)/102*-1262 + (-4)/34?
3
Let g(k) = -3*k**3 + 17*k**2 + 3*k + 1. Let x(f) = 13*f**3 - 68*f**2 - 11*f - 4. Let i(o) = 9*g(o) + 2*x(o). What is the tens digit of i(17)?
8
Let f = 378 + 2070. What is the units digit of f?
8
Let j(a) = -74*a + 171. What is the units digit of j(-7)?
9
Let k = -17 - -11. Let y = 16 + k. Suppose -2*d + 35 = m, 0 = d + 3*m - 0*m - y. What is the tens digit of d?
1
Let t(m) = 152*m**3 + 2*m**2 - 2. Suppose 6*z + 0 = 6. What is the units digit of t(z)?
2
Let l(p) = -136*